{"id":2288,"date":"2020-12-02T13:25:40","date_gmt":"2020-12-02T12:25:40","guid":{"rendered":"http:\/\/lundisoir.org\/?page_id=2288"},"modified":"2025-01-20T11:37:47","modified_gmt":"2025-01-20T10:37:47","slug":"vadrouille","status":"publish","type":"page","link":"https:\/\/lundisoir.org\/index.php\/vadrouille\/","title":{"rendered":"VADROU\u00cfLLE"},"content":{"rendered":"<p>[et_pb_section fb_built=\u00a0\u00bb1&Prime; _builder_version=\u00a0\u00bb4.16&Prime; background_enable_image=\u00a0\u00bboff\u00a0\u00bb background_blend=\u00a0\u00bbhard-light\u00a0\u00bb global_colors_info=\u00a0\u00bb{}\u00a0\u00bb][et_pb_row column_structure=\u00a0\u00bb3_5,2_5&Prime; _builder_version=\u00a0\u00bb4.16&Prime; global_colors_info=\u00a0\u00bb{}\u00a0\u00bb][et_pb_column type=\u00a0\u00bb3_5&Prime; _builder_version=\u00a0\u00bb4.16&Prime; global_colors_info=\u00a0\u00bb{}\u00a0\u00bb][et_pb_text _builder_version=\u00a0\u00bb4.16&Prime; text_font_size=\u00a0\u00bb16px\u00a0\u00bb header_text_shadow_style=\u00a0\u00bbpreset1&Prime; global_colors_info=\u00a0\u00bb{}\u00a0\u00bb]<\/p>\n<h3 style=\"text-align: center;\"><strong>VADROU\u00cfLLE, QU\u2019EST-CE QUE C\u2019EST ?<\/strong><\/h3>\n<p>&nbsp;<\/p>\n<p>Durant un an, entre 2020 et 2021, Lorine Carton-Amor et Sami Tedeschi (tous\u00b7tes deux documentaristes sonores) ont parcouru le Mont<span style=\"text-decoration: line-through;\">&#8211;<\/span>Loz\u00e8re et ses environs, au c\u0153ur du Parc National des C\u00e9vennes. Ils sont all\u00e9\u00b7e\u00b7s \u00e0 la rencontre des habitant\u00b7e\u00b7s.<\/p>\n<p>Install\u00e9\u00b7e\u00b7s ou de passage, ces derniers y vivent, y travaillent. Toutes et tous portent quelque chose de la substance singuli\u00e8re de ce territoire.<\/p>\n<p>C\u2019est \u00e0 travers leurs gestes, par leurs mots et dans leurs silences que Lorine et Sami ont questionn\u00e9, au fil des saisons, le rapport intime et complexe qu\u2019il\u00b7elle\u00b7s entretiennent avec le Mont<span style=\"text-decoration: line-through;\">&#8211;<\/span>Loz\u00e8re.<\/p>\n<p>Leurs r\u00e9cits concentrent et \u00e9bruitent une m\u00e9moire du lieu.<\/p>\n<p>Les 7 cr\u00e9ations sonores documentaires qu&rsquo;ils vous proposent sont n\u00e9es de ces rencontres.<\/p>\n<p>Le projet Vadrou\u00eflle a \u00e9t\u00e9 r\u00e9alis\u00e9 entre juin 2020 et juillet 2021 dans le cadre d\u2019une\u00a0 r\u00e9sidence artistique de l\u2019Inter<span style=\"text-decoration: line-through;\">&#8211;<\/span>parcs Massif<span style=\"text-decoration: line-through;\">&#8211;<\/span>central (IPAMAC), en partenariat avec le Parc National des C\u00e9vennes, et avec le soutien financier de l\u2019\u00c9tat.<\/p>\n<p><strong>\u00c9criture et r\u00e9alisation<\/strong> : Lorine Carton-Amor et Sami Tedeschi<\/p>\n<p><strong>Direction technique et collaboration artistique<\/strong> : Valentin Sampietro<\/p>\n<p>[\/et_pb_text][\/et_pb_column][et_pb_column type=\u00a0\u00bb2_5&Prime; _builder_version=\u00a0\u00bb4.16&Prime; global_colors_info=\u00a0\u00bb{}\u00a0\u00bb][et_pb_image src=\u00a0\u00bbhttps:\/\/lundisoir.org\/wp-content\/uploads\/2021\/06\/Vadrouille.jpg\u00a0\u00bb _builder_version=\u00a0\u00bb4.16&Prime; global_colors_info=\u00a0\u00bb{}\u00a0\u00bb][\/et_pb_image][et_pb_image src=\u00a0\u00bbhttps:\/\/lundisoir.org\/wp-content\/uploads\/2021\/06\/ecobuage.jpg\u00a0\u00bb _builder_version=\u00a0\u00bb4.16&Prime; global_colors_info=\u00a0\u00bb{}\u00a0\u00bb][\/et_pb_image][\/et_pb_column][\/et_pb_row][et_pb_row column_structure=\u00a0\u00bb1_2,1_2&Prime; _builder_version=\u00a0\u00bb4.16&Prime; custom_padding=\u00a0\u00bb||0px|||\u00a0\u00bb global_colors_info=\u00a0\u00bb{}\u00a0\u00bb][et_pb_column type=\u00a0\u00bb1_2&Prime; _builder_version=\u00a0\u00bb4.16&Prime; global_colors_info=\u00a0\u00bb{}\u00a0\u00bb][et_pb_image src=\u00a0\u00bbhttps:\/\/lundisoir.org\/wp-content\/uploads\/2021\/06\/Carte-vadrouille.jpg\u00a0\u00bb _builder_version=\u00a0\u00bb4.16&Prime; background_enable_color=\u00a0\u00bboff\u00a0\u00bb global_colors_info=\u00a0\u00bb{}\u00a0\u00bb][\/et_pb_image][\/et_pb_column][et_pb_column type=\u00a0\u00bb1_2&Prime; _builder_version=\u00a0\u00bb4.16&Prime; global_colors_info=\u00a0\u00bb{}\u00a0\u00bb][et_pb_text _builder_version=\u00a0\u00bb4.16&Prime; text_font_size=\u00a0\u00bb16px\u00a0\u00bb header_text_align=\u00a0\u00bbleft\u00a0\u00bb global_colors_info=\u00a0\u00bb{}\u00a0\u00bb]<\/p>\n<h3 style=\"text-align: center;\"><strong>\u00c9COUTER VADROU\u00cfLLE<\/strong><\/h3>\n<p><u><\/u><\/p>\n<p>Plusieurs s\u00e9ances d&rsquo;\u00e9coute ont eu lieu au cours de l&rsquo;\u00e9t\u00e9 2021 :<\/p>\n<ul>\n<li>le<strong> samedi 05 juillet<\/strong> lors du Festival Les Yeux Ouverts au Couvent Reille \u00e0 Paris 14e<\/li>\n<li>le <strong>mercredi 07 juillet <\/strong>\u00e0 22H30 en soir\u00e9e d\u2019ouverture du Festival Doc C\u00e9vennes \u00e0 Lasalle (30)<\/li>\n<li>le<strong> mardi 13 juille<\/strong>t \u00e0 19H au th\u00e9\u00e2tre de Verdure \u00e0 Florac (48) en partenariat avec Radio Bartas<\/li>\n<li>le<strong> jeudi 15 juillet<\/strong> \u00e0 19h \u00e0 l\u2019amphith\u00e9\u00e2tre naturel de Saint Laurent de Tr\u00e8ves (48)<\/li>\n<li>le <strong>lundi 26 juillet <\/strong>\u00e0 19h au Labo au Mas M\u00e9jean (48)<\/li>\n<li>le <strong>jeudi 29 juillet<\/strong> \u00e0 19h \u00e0 la Station du Mont Loz\u00e8re (48)<\/li>\n<\/ul>\n<p><u><\/u><\/p>\n<p><u>SUR LES CHEMINS DE RANDONN\u00c9ES\u00a0 <\/u><\/p>\n<p>Depuis le village du Bleymard jusqu\u2019au Pont de Montvert, d\u00e9couvrez, au milieu de paysages \u00e0 couper le souffle et d\u2019une v\u00e9g\u00e9tation pr\u00e9serv\u00e9e, les 7 cr\u00e9ations sonores du projet Vadrou\u00eflle.<\/p>\n<p>Elles sont \u00e9coutables sur deux chemins de randonn\u00e9es embl\u00e9matiques du Parc National des C\u00e9vennes.<\/p>\n<p>[\/et_pb_text][\/et_pb_column][\/et_pb_row][et_pb_row column_structure=\u00a0\u00bb1_2,1_2&Prime; _builder_version=\u00a0\u00bb4.16&Prime; global_colors_info=\u00a0\u00bb{}\u00a0\u00bb][et_pb_column type=\u00a0\u00bb1_2&Prime; _builder_version=\u00a0\u00bb4.16&Prime; global_colors_info=\u00a0\u00bb{}\u00a0\u00bb][et_pb_text _builder_version=\u00a0\u00bb4.16&Prime; text_font_size=\u00a0\u00bb16px\u00a0\u00bb global_colors_info=\u00a0\u00bb{}\u00a0\u00bb]<\/p>\n<p>Les points d\u2019e\u0301coute viennent ponctuer la marche a\u0300 certains endroits des chemins. Chaque emplacement a e\u0301te\u0301 choisi pour que les cre\u0301ations offrent a\u0300 l\u2019auditeurice un contrepoint ou une r\u00e9sonance a\u0300 ce a\u0300 ce qu\u2019il\u00b7elle voit autour de lui\u00b7elle.<\/p>\n<p>Une application a \u00e9t\u00e9 d\u00e9velopp\u00e9e sp\u00e9cialement pour \u00e9couter le projet Vadrou\u00eflle sur votre smartphone. Si vous choisissez cette option, n\u2019oubliez pas votre casque ! Des kits d\u2019\u00e9coute sont \u00e9galement disponibles gratuitement dans les Offices du Tourisme partenaires et les lieux d&rsquo;accueil du public :\u00a0\u00a0<\/p>\n<p>&#8211; <strong>Au Bleymard<\/strong> :<span> <a href=\"https:\/\/www.destination-montlozere.fr\/\">Office de tourisme<\/a><\/span> ou<span> <a href=\"https:\/\/www.hotel-laremise.com\/\">H\u00f4tel-Restaurant La Remise<\/a><\/span><\/p>\n<p>&#8211; <strong>A la station du Bleymard<\/strong> :<span> <a href=\"https:\/\/vacances-cevennes-lozere.com\/\">Restaurant Le Refuge<\/a><\/span><\/p>\n<p>&#8211; <strong>Au Pont-de-Montvert<\/strong> :<span> <a href=\"https:\/\/www.cevennes-montlozere.com\/\">Office du Tourisme<\/a><\/span><\/p>\n<p>L&rsquo;occasion de <strong>parcourir les grands chemins du Mont-Loz\u00e8re<\/strong> en vous arr\u00eatant pour d\u00e9couvrir un contrepoint \u00e0 ce que vous voyez autour de vous.<\/p>\n<p>Des <strong>pierres grav\u00e9es<\/strong> vous attendent le long du <strong>GR7 et du GR70<\/strong>. Une fois devant la pierre, d\u00e9clenchez la piste correspondante au dessin que vous aurez sous les yeux.<\/p>\n<p>[\/et_pb_text][\/et_pb_column][et_pb_column type=\u00a0\u00bb1_2&Prime; _builder_version=\u00a0\u00bb4.16&Prime; global_colors_info=\u00a0\u00bb{}\u00a0\u00bb][et_pb_image src=\u00a0\u00bbhttps:\/\/lundisoir.org\/wp-content\/uploads\/2021\/06\/Pierre2.jpg\u00a0\u00bb _builder_version=\u00a0\u00bb4.16&Prime; global_colors_info=\u00a0\u00bb{}\u00a0\u00bb][\/et_pb_image][et_pb_image src=\u00a0\u00bbhttps:\/\/lundisoir.org\/wp-content\/uploads\/2021\/06\/pierre.jpg\u00a0\u00bb _builder_version=\u00a0\u00bb4.16&Prime; global_colors_info=\u00a0\u00bb{}\u00a0\u00bb][\/et_pb_image][\/et_pb_column][\/et_pb_row][et_pb_row _builder_version=\u00a0\u00bb4.16&Prime; global_colors_info=\u00a0\u00bb{}\u00a0\u00bb][et_pb_column type=\u00a0\u00bb4_4&Prime; _builder_version=\u00a0\u00bb4.16&Prime; global_colors_info=\u00a0\u00bb{}\u00a0\u00bb][et_pb_text _builder_version=\u00a0\u00bb4.16&Prime; custom_margin=\u00a0\u00bb||-30px|||\u00a0\u00bb custom_padding=\u00a0\u00bb||24px|||\u00a0\u00bb global_colors_info=\u00a0\u00bb{}\u00a0\u00bb]<\/p>\n<h3><strong>LES CR\u00c9ATIONS<\/strong><\/h3>\n<p>[\/et_pb_text][\/et_pb_column][\/et_pb_row][et_pb_row column_structure=\u00a0\u00bb1_4,1_4,1_4,1_4&Prime; _builder_version=\u00a0\u00bb4.16&Prime; global_colors_info=\u00a0\u00bb{}\u00a0\u00bb][et_pb_column type=\u00a0\u00bb1_4&Prime; _builder_version=\u00a0\u00bb4.16&Prime; global_colors_info=\u00a0\u00bb{}\u00a0\u00bb][et_pb_image src=\u00a0\u00bbhttps:\/\/lundisoir.org\/wp-content\/uploads\/2021\/06\/C2.jpg\u00a0\u00bb _builder_version=\u00a0\u00bb4.16&Prime; custom_margin=\u00a0\u00bb-25px||||false|false\u00a0\u00bb global_colors_info=\u00a0\u00bb{}\u00a0\u00bb][\/et_pb_image][et_pb_text _builder_version=\u00a0\u00bb4.16&Prime; text_font_size=\u00a0\u00bb15px\u00a0\u00bb text_orientation=\u00a0\u00bbjustified\u00a0\u00bb custom_margin=\u00a0\u00bb-28px||||false|false\u00a0\u00bb global_colors_info=\u00a0\u00bb{}\u00a0\u00bb]<\/p>\n<p><strong>Noctambule symphonie, M42\u00a0 <\/strong>11&prime;<\/p>\n<p>Sur les hauteurs du Bleymard, agripp\u00e9\u00a0 aux manettes de l\u2019Astrolab, un homme observe\u00a0 le ciel. Il cherche quelque chose du pass\u00e9:\u00a0 une lumi\u00e8re, une voix, un chant ?<\/p>\n<p>[\/et_pb_text][\/et_pb_column][et_pb_column type=\u00a0\u00bb1_4&Prime; _builder_version=\u00a0\u00bb4.16&Prime; global_colors_info=\u00a0\u00bb{}\u00a0\u00bb][et_pb_image src=\u00a0\u00bbhttps:\/\/lundisoir.org\/wp-content\/uploads\/2021\/06\/C3.jpg\u00a0\u00bb _builder_version=\u00a0\u00bb4.16&Prime; global_colors_info=\u00a0\u00bb{}\u00a0\u00bb][\/et_pb_image][et_pb_text _builder_version=\u00a0\u00bb4.16&Prime; text_font_size=\u00a0\u00bb15px\u00a0\u00bb text_orientation=\u00a0\u00bbjustified\u00a0\u00bb custom_margin=\u00a0\u00bb-19px||||false|false\u00a0\u00bb global_colors_info=\u00a0\u00bb{}\u00a0\u00bb]<\/p>\n<p><strong>Isabelle \u00e0 perte de vue<\/strong> 19&prime;<\/p>\n<p>Quelque part aux abords du bois de\u00a0 la Loubi\u00e8re, dans une cadence effr\u00e9n\u00e9e,\u00a0 Isabelle dirige ses brebis comme elle m\u00e8ne\u00a0 sa vie. Avec passion, force et tendresse.<\/p>\n<p>[\/et_pb_text][\/et_pb_column][et_pb_column type=\u00a0\u00bb1_4&Prime; _builder_version=\u00a0\u00bb4.16&Prime; global_colors_info=\u00a0\u00bb{}\u00a0\u00bb][et_pb_image src=\u00a0\u00bbhttps:\/\/lundisoir.org\/wp-content\/uploads\/2021\/06\/C4.jpg\u00a0\u00bb _builder_version=\u00a0\u00bb4.16&Prime; custom_margin=\u00a0\u00bb-61px||||false|false\u00a0\u00bb global_colors_info=\u00a0\u00bb{}\u00a0\u00bb][\/et_pb_image][et_pb_text _builder_version=\u00a0\u00bb4.16&Prime; text_font_size=\u00a0\u00bb15px\u00a0\u00bb text_orientation=\u00a0\u00bbjustified\u00a0\u00bb custom_margin=\u00a0\u00bb-10px||||false|false\u00a0\u00bb global_colors_info=\u00a0\u00bb{}\u00a0\u00bb]<\/p>\n<p><strong>\u00cele tintamarre <\/strong>11&prime;<\/p>\n<p>Par temps d\u2019orage, sur le Mont-Loz\u00e8re ou dans les Grandes Plaines, l\u2019enfance est\u00a0 le dernier abri.<\/p>\n<p>[\/et_pb_text][\/et_pb_column][et_pb_column type=\u00a0\u00bb1_4&Prime; _builder_version=\u00a0\u00bb4.16&Prime; global_colors_info=\u00a0\u00bb{}\u00a0\u00bb][et_pb_image src=\u00a0\u00bbhttps:\/\/lundisoir.org\/wp-content\/uploads\/2021\/06\/C6.jpg\u00a0\u00bb _builder_version=\u00a0\u00bb4.16&Prime; custom_margin=\u00a0\u00bb-35px||||false|false\u00a0\u00bb global_colors_info=\u00a0\u00bb{}\u00a0\u00bb][\/et_pb_image][et_pb_text _builder_version=\u00a0\u00bb4.16&Prime; text_font_size=\u00a0\u00bb15px\u00a0\u00bb text_orientation=\u00a0\u00bbjustified\u00a0\u00bb global_colors_info=\u00a0\u00bb{}\u00a0\u00bb]<\/p>\n<p><strong>Mont Losera : lumi\u00e8res et chuchotements<\/strong>\u00a0 14&prime;<\/p>\n<p>Sur le Mont-Loz\u00e8re, chacune des quatre saisons, comme autant d\u2019\u00e9l\u00e9ments, poss\u00e8de\u00a0 son murmure particulier.<\/p>\n<p>[\/et_pb_text][\/et_pb_column][\/et_pb_row][et_pb_row column_structure=\u00a0\u00bb1_3,1_3,1_3&Prime; _builder_version=\u00a0\u00bb4.16&Prime; custom_padding=\u00a0\u00bb0px|||||\u00a0\u00bb global_colors_info=\u00a0\u00bb{}\u00a0\u00bb][et_pb_column type=\u00a0\u00bb1_3&Prime; _builder_version=\u00a0\u00bb4.16&Prime; global_colors_info=\u00a0\u00bb{}\u00a0\u00bb][et_pb_image src=\u00a0\u00bbhttps:\/\/lundisoir.org\/wp-content\/uploads\/2021\/06\/C1.jpg\u00a0\u00bb _builder_version=\u00a0\u00bb4.16&Prime; global_colors_info=\u00a0\u00bb{}\u00a0\u00bb][\/et_pb_image][et_pb_text _builder_version=\u00a0\u00bb4.16&Prime; text_font_size=\u00a0\u00bb15px\u00a0\u00bb text_orientation=\u00a0\u00bbjustified\u00a0\u00bb global_colors_info=\u00a0\u00bb{}\u00a0\u00bb]<\/p>\n<p><strong>Marie, celle qui reste\u00a0 <\/strong>12&prime;<\/p>\n<p>Sur le plateau de Larzalier battu par\u00a0 les vents, le train ne passe presque plus.\u00a0 Marie vit toujours dans sa maisonnette SNCF.\u00a0 Ses souvenirs s\u2019envolent et les visages\u00a0 \u00e0 la fen\u00eatre s\u2019estompent.<\/p>\n<p>[\/et_pb_text][\/et_pb_column][et_pb_column type=\u00a0\u00bb1_3&Prime; _builder_version=\u00a0\u00bb4.16&Prime; global_colors_info=\u00a0\u00bb{}\u00a0\u00bb][et_pb_image src=\u00a0\u00bbhttps:\/\/lundisoir.org\/wp-content\/uploads\/2021\/06\/C5.png\u00a0\u00bb align=\u00a0\u00bbcenter\u00a0\u00bb _builder_version=\u00a0\u00bb4.16&Prime; width=\u00a0\u00bb60%\u00a0\u00bb custom_margin=\u00a0\u00bb-70px||||false|false\u00a0\u00bb global_colors_info=\u00a0\u00bb{}\u00a0\u00bb][\/et_pb_image][et_pb_text _builder_version=\u00a0\u00bb4.16&Prime; text_font_size=\u00a0\u00bb15px\u00a0\u00bb text_orientation=\u00a0\u00bbjustified\u00a0\u00bb custom_margin=\u00a0\u00bb-33px||||false|false\u00a0\u00bb global_colors_info=\u00a0\u00bb{}\u00a0\u00bb]<\/p>\n<p><strong>Nous te deviendrons <\/strong>7&prime;<\/p>\n<p>\u201cIl y a un loup dans mes entrailles\u00a0 qui se bat pour na\u00eetre.\u201d Librement inspir\u00e9 de l\u2019oeuvre \u00ab Lobos y Ovejas \u00bb (1972)\u00a0 de Manuel Silva Acevedo. Publication et traduction en langue fran\u00e7aise Edition Bruno Doucey, 2020<\/p>\n<p>[\/et_pb_text][\/et_pb_column][et_pb_column type=\u00a0\u00bb1_3&Prime; _builder_version=\u00a0\u00bb4.16&Prime; global_colors_info=\u00a0\u00bb{}\u00a0\u00bb][et_pb_image src=\u00a0\u00bbhttps:\/\/lundisoir.org\/wp-content\/uploads\/2021\/06\/C7.jpg\u00a0\u00bb align=\u00a0\u00bbcenter\u00a0\u00bb _builder_version=\u00a0\u00bb4.16&Prime; width=\u00a0\u00bb60%\u00a0\u00bb custom_margin=\u00a0\u00bb-30px||||false|false\u00a0\u00bb global_colors_info=\u00a0\u00bb{}\u00a0\u00bb][\/et_pb_image][et_pb_text _builder_version=\u00a0\u00bb4.16&Prime; text_font_size=\u00a0\u00bb16px\u00a0\u00bb text_orientation=\u00a0\u00bbjustified\u00a0\u00bb custom_margin=\u00a0\u00bb-36px||||false|false\u00a0\u00bb global_colors_info=\u00a0\u00bb{}\u00a0\u00bb]<\/p>\n<p><strong>Souvenirs du Tarn <\/strong>\u00a0\u00a012&prime;<\/p>\n<p>Au Pont<span style=\"text-decoration: line-through;\">&#8211;<\/span>de<span style=\"text-decoration: line-through;\">&#8211;<\/span>Montvert, la rivi\u00e8re Tarn colporte\u00a0 dans son lit des r\u00eaves d\u2019enfants, des pratiques\u00a0 d\u2019antan et quelques petites truites.<\/p>\n<p>Cette cr\u00e9ation documentaire a \u00e9t\u00e9 pens\u00e9e,\u00a0 \u00e9crite et r\u00e9alis\u00e9e avec les enfants des classes de\u00a0 CE2, CM1 et CM2 de l\u2019\u00e9cole du Pont<span style=\"text-decoration: line-through;\">&#8211;<\/span>de<span style=\"text-decoration: line-through;\">&#8211;<\/span>Montvert et la participation des a\u00een\u00e9s ruraux.<\/p>\n<p>[\/et_pb_text][\/et_pb_column][\/et_pb_row][et_pb_row column_structure=\u00a0\u00bb1_2,1_2&Prime; _builder_version=\u00a0\u00bb4.16&Prime; global_colors_info=\u00a0\u00bb{}\u00a0\u00bb][et_pb_column type=\u00a0\u00bb1_2&Prime; _builder_version=\u00a0\u00bb4.16&Prime; global_colors_info=\u00a0\u00bb{}\u00a0\u00bb][et_pb_text _builder_version=\u00a0\u00bb4.16&Prime; custom_margin=\u00a0\u00bb||-30px|||\u00a0\u00bb custom_padding=\u00a0\u00bb||24px|||\u00a0\u00bb locked=\u00a0\u00bboff\u00a0\u00bb global_colors_info=\u00a0\u00bb{}\u00a0\u00bb]<\/p>\n<h3>APPLICATIONS MOBILES<\/h3>\n<p>[\/et_pb_text][et_pb_text _builder_version=\u00a0\u00bb4.16&Prime; custom_margin=\u00a0\u00bb20px||||false|false\u00a0\u00bb global_colors_info=\u00a0\u00bb{}\u00a0\u00bb]<\/p>\n<h4>Retrouvez Vadrou\u00eflle sur votre smartphone IOS ou android<\/h4>\n<p>[\/et_pb_text][et_pb_text _builder_version=\u00a0\u00bb4.16&Prime; global_colors_info=\u00a0\u00bb{}\u00a0\u00bb]<\/p>\n<h4>Scanner le QR Code ci-contre pour t\u00e9l\u00e9charger l&rsquo;application<\/h4>\n<p>[\/et_pb_text][\/et_pb_column][et_pb_column type=\u00a0\u00bb1_2&Prime; _builder_version=\u00a0\u00bb4.16&Prime; global_colors_info=\u00a0\u00bb{}\u00a0\u00bb][et_pb_image src=\u00a0\u00bbhttps:\/\/lundisoir.org\/wp-content\/uploads\/2021\/10\/HD_QRCode_LundiSoir.png\u00a0\u00bb _builder_version=\u00a0\u00bb4.16&Prime; width=\u00a0\u00bb60%\u00a0\u00bb module_alignment=\u00a0\u00bbcenter\u00a0\u00bb custom_padding=\u00a0\u00bb0px|0px||0px|false|false\u00a0\u00bb global_colors_info=\u00a0\u00bb{}\u00a0\u00bb][\/et_pb_image][\/et_pb_column][\/et_pb_row][\/et_pb_section][et_pb_section fb_built=\u00a0\u00bb1&Prime; module_id=\u00a0\u00bbpartenaires\u00a0\u00bb _builder_version=\u00a0\u00bb4.16&Prime; background_image=\u00a0\u00bbhttps:\/\/lundisoir.org\/wp-content\/uploads\/2020\/12\/Mont-Lozere-automne.jpg\u00a0\u00bb background_position=\u00a0\u00bbtop_center\u00a0\u00bb global_colors_info=\u00a0\u00bb{}\u00a0\u00bb][et_pb_row column_structure=\u00a0\u00bb1_3,1_3,1_3&Prime; _builder_version=\u00a0\u00bb4.16&Prime; custom_padding=\u00a0\u00bb3px||34px|||\u00a0\u00bb global_colors_info=\u00a0\u00bb{}\u00a0\u00bb][et_pb_column type=\u00a0\u00bb1_3&Prime; _builder_version=\u00a0\u00bb4.16&Prime; global_colors_info=\u00a0\u00bb{}\u00a0\u00bb][et_pb_image src=\u00a0\u00bbhttps:\/\/lundisoir.org\/wp-content\/uploads\/2020\/12\/parcsmassifcentral_rvb.jpg\u00a0\u00bb url=\u00a0\u00bbhttp:\/\/www.parcs-massif-central.com\/association-ipamac_7.html\u00a0\u00bb url_new_window=\u00a0\u00bbon\u00a0\u00bb _builder_version=\u00a0\u00bb4.16&Prime; custom_margin=\u00a0\u00bb25px||||false|false\u00a0\u00bb global_colors_info=\u00a0\u00bb{}\u00a0\u00bb][\/et_pb_image][\/et_pb_column][et_pb_column type=\u00a0\u00bb1_3&Prime; _builder_version=\u00a0\u00bb4.16&Prime; global_colors_info=\u00a0\u00bb{}\u00a0\u00bb][et_pb_image src=\u00a0\u00bbhttps:\/\/lundisoir.org\/wp-content\/uploads\/2020\/12\/logo_production_RVB_pnc_texte_orange.jpg\u00a0\u00bb url=\u00a0\u00bbhttps:\/\/www.cevennes-parcnational.fr\/fr\u00a0\u00bb url_new_window=\u00a0\u00bbon\u00a0\u00bb align=\u00a0\u00bbcenter\u00a0\u00bb _builder_version=\u00a0\u00bb4.16&Prime; global_colors_info=\u00a0\u00bb{}\u00a0\u00bb][\/et_pb_image][\/et_pb_column][et_pb_column type=\u00a0\u00bb1_3&Prime; _builder_version=\u00a0\u00bb4.16&Prime; global_colors_info=\u00a0\u00bb{}\u00a0\u00bb][et_pb_image src=\u00a0\u00bbhttps:\/\/lundisoir.org\/wp-content\/uploads\/2020\/12\/logo-RADIO-BARTAS-final.jpg\u00a0\u00bb url=\u00a0\u00bbhttp:\/\/www.radiobartas.net\/\u00a0\u00bb url_new_window=\u00a0\u00bbon\u00a0\u00bb align=\u00a0\u00bbcenter\u00a0\u00bb _builder_version=\u00a0\u00bb4.16&Prime; width=\u00a0\u00bb60%\u00a0\u00bb max_width=\u00a0\u00bb60%\u00a0\u00bb global_colors_info=\u00a0\u00bb{}\u00a0\u00bb][\/et_pb_image][\/et_pb_column][\/et_pb_row][et_pb_row column_structure=\u00a0\u00bb1_3,1_3,1_3&Prime; _builder_version=\u00a0\u00bb4.16&Prime; custom_padding=\u00a0\u00bb3px|||||\u00a0\u00bb global_colors_info=\u00a0\u00bb{}\u00a0\u00bb][et_pb_column type=\u00a0\u00bb1_3&Prime; _builder_version=\u00a0\u00bb4.16&Prime; global_colors_info=\u00a0\u00bb{}\u00a0\u00bb][et_pb_image src=\u00a0\u00bbhttps:\/\/lundisoir.org\/wp-content\/uploads\/2021\/06\/D\u00e9partement.png\u00a0\u00bb _builder_version=\u00a0\u00bb4.16&Prime; width=\u00a0\u00bb65%\u00a0\u00bb global_colors_info=\u00a0\u00bb{}\u00a0\u00bb][\/et_pb_image][\/et_pb_column][et_pb_column type=\u00a0\u00bb1_3&Prime; _builder_version=\u00a0\u00bb4.16&Prime; global_colors_info=\u00a0\u00bb{}\u00a0\u00bb][et_pb_image src=\u00a0\u00bbhttps:\/\/lundisoir.org\/wp-content\/uploads\/2020\/12\/ANCT-Commissariat-du-Massif-central.png\u00a0\u00bb _builder_version=\u00a0\u00bb4.16&Prime; global_colors_info=\u00a0\u00bb{}\u00a0\u00bb][\/et_pb_image][\/et_pb_column][et_pb_column type=\u00a0\u00bb1_3&Prime; _builder_version=\u00a0\u00bb4.16&Prime; global_colors_info=\u00a0\u00bb{}\u00a0\u00bb][et_pb_image src=\u00a0\u00bbhttps:\/\/lundisoir.org\/wp-content\/uploads\/2021\/06\/Malle-postale.png\u00a0\u00bb _builder_version=\u00a0\u00bb4.16&Prime; global_colors_info=\u00a0\u00bb{}\u00a0\u00bb][\/et_pb_image][\/et_pb_column][\/et_pb_row][\/et_pb_section]<\/p>\n","protected":false},"excerpt":{"rendered":"<p>VADROU\u00cfLLE, QU\u2019EST-CE QUE C\u2019EST ? &nbsp; Durant un an, entre 2020 et 2021, Lorine Carton-Amor et Sami Tedeschi (tous\u00b7tes deux documentaristes sonores) ont parcouru le Mont-Loz\u00e8re et ses environs, au c\u0153ur du Parc National des C\u00e9vennes. Ils sont all\u00e9\u00b7e\u00b7s \u00e0 la rencontre des habitant\u00b7e\u00b7s. Install\u00e9\u00b7e\u00b7s ou de passage, ces derniers y vivent, y travaillent. Toutes [&hellip;]<\/p>\n","protected":false},"author":1,"featured_media":0,"parent":0,"menu_order":0,"comment_status":"closed","ping_status":"closed","template":"","meta":{"_et_pb_use_builder":"on","_et_pb_old_content":"","_et_gb_content_width":"","jetpack_post_was_ever_published":false,"footnotes":""},"jetpack_sharing_enabled":true,"jetpack_shortlink":"https:\/\/wp.me\/PaRAX4-AU","_links":{"self":[{"href":"https:\/\/lundisoir.org\/index.php\/wp-json\/wp\/v2\/pages\/2288"}],"collection":[{"href":"https:\/\/lundisoir.org\/index.php\/wp-json\/wp\/v2\/pages"}],"about":[{"href":"https:\/\/lundisoir.org\/index.php\/wp-json\/wp\/v2\/types\/page"}],"author":[{"embeddable":true,"href":"https:\/\/lundisoir.org\/index.php\/wp-json\/wp\/v2\/users\/1"}],"replies":[{"embeddable":true,"href":"https:\/\/lundisoir.org\/index.php\/wp-json\/wp\/v2\/comments?post=2288"}],"version-history":[{"count":23,"href":"https:\/\/lundisoir.org\/index.php\/wp-json\/wp\/v2\/pages\/2288\/revisions"}],"predecessor-version":[{"id":3657,"href":"https:\/\/lundisoir.org\/index.php\/wp-json\/wp\/v2\/pages\/2288\/revisions\/3657"}],"wp:attachment":[{"href":"https:\/\/lundisoir.org\/index.php\/wp-json\/wp\/v2\/media?parent=2288"}],"curies":[{"name":"wp","href":"https:\/\/api.w.org\/{rel}","templated":true}]}}